
List the prime factors of 33222894.
2, 3, 5537149
What are the prime factors of 889517153?
7, 331, 383909
List the prime factors of 1840569079.
223, 8253673
What are the prime factors of 162890322?
2, 3, 7, 83, 46727
List the prime factors of 43816006.
2, 13, 1685231
What are the prime factors of 1772378688?
2, 3, 9231139
What are the prime factors of 3012792436?
2, 103, 2309, 3167
List the prime factors of 729337097.
19, 151, 254213
What are the prime factors of 49425702?
2, 3, 8237617
What are the prime factors of 535300923?
3, 59, 251, 12049
List the prime factors of 162245774.
2, 41, 919, 2153
What are the prime factors of 193336569?
3, 59, 89, 4091
What are the prime factors of 2212160319?
3, 509, 482899
List the prime factors of 1754959916.
2, 631, 695309
What are the prime factors of 40552678?
2, 61, 332399
What are the prime factors of 12523352?
2, 1097, 1427
List the prime factors of 1491778445.
5, 19, 163, 96337
List the prime factors of 1473513767.
11, 79, 1695643
List the prime factors of 91550585.
5, 7, 2615731
List the prime factors of 331462360.
2, 5, 199, 41641
What are the prime factors of 28566979?
7, 4080997
What are the prime factors of 305852261?
11, 13, 73, 83, 353
List the prime factors of 2121154533.
3, 89, 32693
List the prime factors of 39385502.
2, 13, 41, 36947
List the prime factors of 69505212.
2, 3, 7, 827443
What are the prime factors of 2208861900?
2, 3, 5, 7, 163, 239
List the prime factors of 13413805.
5, 29, 79, 1171
What are the prime factors of 32217023?
17, 1895119
List the prime factors of 38799229.
7, 23, 173, 199
What are the prime factors of 7277557426?
2, 3638778713
What are the prime factors of 49202416?
2, 3075151
List the prime factors of 180757924.
2, 45189481
What are the prime factors of 2918949795?
3, 5, 37, 877, 1999
What are the prime factors of 188620583?
188620583
What are the prime factors of 363608346?
2, 3, 691, 87701
List the prime factors of 958033.
67, 79, 181
What are the prime factors of 3413881567?
3413881567
List the prime factors of 843341183.
97, 8694239
What are the prime factors of 53209929?
3, 3121, 5683
What are the prime factors of 484767033?
3, 161589011
What are the prime factors of 5381498?
2, 127, 21187
What are the prime factors of 4430822303?
4430822303
List the prime factors of 1300648927.
29, 31, 83, 17431
List the prime factors of 26860883.
7, 479, 8011
What are the prime factors of 2488655390?
2, 5, 13, 19143503
List the prime factors of 8762271015.
3, 5, 23, 131, 193877
List the prime factors of 1530053173.
11, 23, 677, 8933
What are the prime factors of 826490069?
997, 828977
List the prime factors of 78159194.
2, 39079597
What are the prime factors of 1411045678?
2, 7, 19, 433, 12251
What are the prime factors of 1459047282?
2, 3, 7, 11, 53, 5417
What are the prime factors of 7612150?
2, 5, 7, 13, 239
List the prime factors of 280637148.
2, 3, 11, 2126039
What are the prime factors of 2789169486?
2, 3, 19, 24466399
What are the prime factors of 406239505?
5, 7, 11606843
List the prime factors of 470057599.
11, 17, 2513677
What are the prime factors of 133684446?
2, 3, 7, 454709
List the prime factors of 654241175.
5, 7, 17, 47, 4679
List the prime factors of 3020229564.
2, 3, 11, 83, 275669
What are the prime factors of 121077607?
7, 17296801
List the prime factors of 1253432475.
3, 5, 618979
List the prime factors of 11596289.
19, 610331
List the prime factors of 2041811347.
2041811347
What are the prime factors of 960541582?
2, 7, 11, 13, 17, 167
List the prime factors of 286683196.
2, 103, 127, 5479
List the prime factors of 507045817.
37, 13703941
What are the prime factors of 98284622?
2, 137, 358703
What are the prime factors of 656601106?
2, 7, 46900079
List the prime factors of 305379843.
3, 101793281
List the prime factors of 1838453711.
26249, 70039
What are the prime factors of 117695944?
2, 14711993
What are the prime factors of 17773781?
29, 612889
What are the prime factors of 475670363?
7, 67952909
What are the prime factors of 377614954?
2, 227, 831751
What are the prime factors of 2832598283?
41, 89, 776267
List the prime factors of 980212840.
2, 5, 24505321
What are the prime factors of 36687930?
2, 3, 5, 1222931
List the prime factors of 69891343.
69891343
List the prime factors of 29038203.
3, 1075489
What are the prime factors of 20414713?
11, 37, 50159
What are the prime factors of 559410665?
5, 11, 10171103
List the prime factors of 90237388.
2, 22559347
What are the prime factors of 1913656126?
2, 29411, 32533
List the prime factors of 450652165.
5, 19, 4743707
List the prime factors of 1886211858.
2, 3, 314368643
What are the prime factors of 5436090343?
31, 73, 2402161
List the prime factors of 1183169264.
2, 17, 137, 31751
List the prime factors of 4620740070.
2, 3, 5, 154024669
List the prime factors of 139877314.
2, 919, 76103
List the prime factors of 17691476.
2, 11, 37, 10867
List the prime factors of 10731778.
2, 5365889
List the prime factors of 5392168.
2, 421, 1601
List the prime factors of 58970494.
2, 11, 31, 86467
What are the prime factors of 16141402?
2, 8070701
What are the prime factors of 193137370?
2, 5, 19313737
List the prime factors of 2733204224.
2, 113, 94483
List the prime factors of 43945016.
2, 5493127
List the prime factors of 62150201.
107, 580843
List the prime factors of 222770790.
2, 3, 5, 11, 107, 701
List the prime factors of 197166086.
2, 13, 401, 18911
List the prime factors of 265674673.
11, 787, 30689
List the prime factors of 3063340811.
131, 23384281
What are the prime factors of 274545641?
23, 31, 385057
What are the prime factors of 9132378?
2, 3, 1522063
List the prime factors of 267028362.
2, 3, 1277, 11617
What are the prime factors of 227649105?
3, 5, 1283, 3943
List the prime factors of 58041177.
3, 3967, 4877
List the prime factors of 3124657.
3124657
List the prime factors of 111334237.
7, 23, 31, 22307
What are the prime factors of 1059381400?
2, 5, 7, 11, 68791
List the prime factors of 42505047.
3, 13, 83, 1459
What are the prime factors of 76947158?
2, 38473579
What are the prime factors of 50799249?
3, 23, 245407
List the prime factors of 510584887.
510584887
List the prime factors of 77718910.
2, 5, 7771891
What are the prime factors of 388928515?
5, 103, 179, 4219
List the prime factors of 921456436.
2, 37, 1801, 3457
What are the prime factors of 911717455?
5, 11, 1153, 1307
What are the prime factors of 3379269445?
5, 211, 3203099
List the prime factors of 4195389928.
2, 2417, 216973
List the prime factors of 107947758.
2, 3, 17991293
What are the prime factors of 520652236?
2, 13, 10012543
What are the prime factors of 11533931?
19, 607049
What are the prime factors of 539836168?
2, 73, 307, 3011
What are the prime factors of 425430035?
5, 85086007
List the prime factors of 883479299.
883479299
What are the prime factors of 1732054612?
2, 433013653
List the prime factors of 163068827.
23, 29, 244481
List the prime factors of 799217531.
7, 114173933
What are the prime factors of 70578101?
11, 17, 59, 6397
What are the prime factors of 5389405341?
3, 1796468447
List the prime factors of 1415476037.
1415476037
List the prime factors of 623394227.
181, 3444167
What are the prime factors of 7102804?
2, 17, 67, 1559
List the prime factors of 19946327.
2677, 7451
List the prime factors of 60568323.
3, 4021, 5021
List the prime factors of 64322882.
2, 13, 103, 24019
What are the prime factors of 510454087?
11, 13, 17, 209977
What are the prime factors of 3794783832?
2, 3, 7, 1075619
List the prime factors of 23853514.
2, 11926757
List the prime factors of 26685010.
2, 5, 11, 242591
What are the prime factors of 1301392143?
3, 17, 166781
What are the prime factors of 816572580?
2, 3, 5, 43, 316501
List the prime factors of 55848214.
2, 5153, 5419
List the prime factors of 30993160.
2, 5, 11, 70439
List the prime factors of 28822389.
3, 211, 45533
List the prime factors of 254233435.
5, 50846687
List the prime factors of 2693286255.
3, 5, 11, 16322947
List the prime factors of 11022948.
2, 3, 306193
List the prime factors of 971181109.
971181109
What are the prime factors of 358963669?
15277, 23497
What are the prime factors of 781500272?
2, 7, 6977681
List the prime factors of 10